of 29444941?
4
What is the billions digit of 3958463828?
3
What is the millions digit of 507981464?
7
What is the millions digit of 204813097?
4
What is the hundred millions digit of 132429000?
1
What is the units digit of 1032210977?
7
What is the tens digit of 1038735801?
0
What is the tens digit of 77490284?
8
What is the units digit of 2767427109?
9
What is the ten millions digit of 1292355898?
9
What is the ten millions digit of 49110905?
4
What is the ten millions digit of 757136041?
5
What is the hundreds digit of 61337561?
5
What is the ten thousands digit of 4849104121?
0
What is the units digit of 155178373?
3
What is the tens digit of 24259276?
7
What is the ten millions digit of 30806243?
3
What is the hundred thousands digit of 57033575?
0
What is the thousands digit of 632027824?
7
What is the thousands digit of 2623018697?
8
What is the hundreds digit of 49511329?
3
What is the billions digit of 3401761623?
3
What is the tens digit of 7139287?
8
What is the hundred thousands digit of 35830204?
8
What is the tens digit of 55660916?
1
What is the thousands digit of 60609254?
9
What is the thousands digit of 644276342?
6
What is the thousands digit of 1107406898?
6
What is the ten thousands digit of 2629168732?
6
What is the hundreds digit of 70607730?
7
What is the thousands digit of 21238675?
8
What is the ten thousands digit of 435132169?
3
What is the thousands digit of 330944632?
4
What is the hundred thousands digit of 147297498?
2
What is the units digit of 503168327?
7
What is the hundred millions digit of 462792661?
4
What is the hundred thousands digit of 210677265?
6
What is the hundred thousands digit of 974410620?
4
What is the hundred millions digit of 238438107?
2
What is the ten thousands digit of 164440121?
4
What is the millions digit of 200313612?
0
What is the hundred millions digit of 436736669?
4
What is the ten millions digit of 524402227?
2
What is the thousands digit of 3658424285?
4
What is the thousands digit of 19124298?
4
What is the hundreds digit of 21071638?
6
What is the ten millions digit of 2646872358?
4
What is the hundreds digit of 2986941?
9
What is the hundred millions digit of 246449724?
2
What is the units digit of 4705231?
1
What is the hundreds digit of 15995650?
6
What is the units digit of 10236887?
7
What is the ten millions digit of 7936482270?
3
What is the ten thousands digit of 2346864947?
6
What is the hundreds digit of 127288818?
8
What is the millions digit of 57328813?
7
What is the hundred millions digit of 2925084758?
9
What is the ten millions digit of 1967461551?
6
What is the ten millions digit of 92112116?
9
What is the thousands digit of 202333892?
3
What is the hundred millions digit of 147331125?
1
What is the ten thousands digit of 277415540?
1
What is the hundred thousands digit of 64524332?
5
What is the hundred thousands digit of 171853652?
8
What is the hundreds digit of 531786392?
3
What is the ten thousands digit of 654922544?
2
What is the ten thousands digit of 150977278?
7
What is the hundreds digit of 57459762?
7
What is the hundreds digit of 408992940?
9
What is the ten millions digit of 275156709?
7
What is the ten thousands digit of 4393315796?
1
What is the units digit of 139655288?
8
What is the millions digit of 1526534892?
6
What is the tens digit of 83260424?
2
What is the millions digit of 29989578?
9
What is the ten millions digit of 93204099?
9
What is the tens digit of 2951780842?
4
What is the hundreds digit of 7474268786?
7
What is the hundreds digit of 680522420?
4
What is the tens digit of 32029106?
0
What is the ten millions digit of 51514789?
5
What is the hundreds digit of 138816029?
0
What is the ten millions digit of 59492852?
5
What is the hundreds digit of 272329845?
8
What is the millions digit of 1002606317?
2
What is the tens digit of 8358017657?
5
What is the hundreds digit of 4134493182?
1
What is the ten thousands digit of 799514291?
1
What is the tens digit of 270924880?
8
What is the hundred millions digit of 936344933?
9
What is the hundred millions digit of 195470583?
1
What is the ten thousands digit of 2100052279?
5
What is the ten thousands digit of 1633400041?
0
What is the billions digit of 2924021061?
2
What is the ten millions digit of 79812318?
7
What is the units digit of 499571075?
5
What is the ten thousands digit of 1247107766?
0
What is the thousands digit of 3018841324?
1
What is the hundreds digit of 324713310?
3
What is the millions digit of 35780884?
5
What is the hundred thousands digit of 209630931?
6
What is the hundred millions digit of 1250534985?
2
What is the thousands digit of 246217681?
7
What is the millions digit of 368034960?
8
What is the units digit of 35681587?
7
What is the ten thousands digit of 1005812277?
1
What is the ten thousands digit of 909561360?
6
What is the millions digit of 2158680569?
8
What is the tens digit of 343629770?
7
What is the millions digit of 219410860?
9
What is the ten thousands digit of 2006343531?
4
What is the billions digit of 3633009278?
3
What is the millions digit of 2689463506?
9
What is the thousands digit of 12526463?
6
What is the hundred thousands digit of 26505522?
5
What is the thousands digit of 17738604?
8
What is the tens digit of 72473889?
8
What is the ten thousands digit of 30873797?
7
What is the hundred thousands digit of 50533956?
5
What is the millions digit of 1457830431?
7
What is the units digit of 140604765?
5
What is the millions digit of 202998722?
2
What is the hundred thousands digit of 1217548205?
5
What is the hundred millions digit of 195361554?
1
What is the ten millions digit of 123074395?
2
What is the units digit of 45789923?
3
What is the ten millions digit of 751234010?
5
What is the thousands digit of 114503577?
3
What is the ten thousands digit of 2081412?
8
What is the hundred thousands digit of 103900462?
9
What is the hundred millions digit of 390407526?
3
What is the ten millions digit of 370335247?
7
What is the hundred thousands digit of 263242248?
2
What is the ten thousands digit of 16907834?
0
What is the hundreds digit of 3367936?
9
What is the ten millions digit of 30809666?
3
What is the tens digit of 39958450?
5
What is the millions digit of 65129399?
5
What is the thousands digit of 3404458829?
8
What is the units digit of 66527146?
6
What is the ten millions digit of 2002635323?
0
What is the millions digit of 51229230?
1
What is the thousands digit of 190429461?
9
What is the tens digit of 4226398433?
3
What is the billions digit of 4359823609?
4
What is the tens digit of 4331048931?
3
What is the tens digit of 792596530?
3
What is the ten millions digit of 494637558?
9
What is the millions digit of 203570090?
3
What is the thousands digit of 50135723?
5
What is the ten millions digit of 783147194?
8
What is the thousands digit of 81591341?
1
What is the units digit of 40150661?
1
What is the hundred thousands digit of 7463290?
4
What is the billions digit of 3204449657?
3
What is the tens digit of 4459220470?
7
What is the hundred millions digit of 1458441836?
4
What is the millions digit of 57960677?
7
What is the hundred millions digit of 2730228516?
7
What is the hundred thousands digit of 336209737?
2
What is the units digit of 5857002516?
6
What is the ten thousands digit of 662072170?
7
What is the hundred thousands digit of 349771380?
7
What is the hundred thousands digit of 60193174?
1
What is the tens digit of 248946084?
8
What is the ten millions digit of 2554041577?
5
What is the millions digit of 9794988?
9
What is the billions digit of 1176001890?
1
What is the thousands digit of 3653203?
3
What is the hundred millions digit of 2712694052?
7
What is the ten thousands digit of 3240611731?
1
What is the millions digit of 39569795?
9
What is the ten millions digit of 371207955?
7
What is the millions digit of 38815214?
8
What is the millions digit of 1994585312?
4
What is the hundred millions digit of 254947600?
2
What is the hundred thousands digit of 1167109611?
1
What is the hundreds digit of 304892373?
3
What is the units digit of 78737040?
0
What is the thousands digit of 670057596?
7
What is the thousands digit of 1482340937?
0
What is the millions digit of 133615842?
3
What is the hundr